(y) = 2*y**3 - 87*y**2 + 126*y + 24. Calculate w(42).
24
Let p(w) = -w**3 + 15*w**2 - 49*w + 14. Give p(6).
44
Let u(k) = 70*k + 1887. Determine u(-27).
-3
Let z(o) = -o**3 - 12*o**2 + o + 60. Determine z(0).
60
Let c(j) = -804*j - 6443. Determine c(-8).
-11
Let p(o) = 142*o - 100. Give p(3).
326
Let m(p) = -p**2 + 1843*p - 3686. Calculate m(2).
-4
Let s(c) = 2*c**2 - 198*c + 2086. Give s(87).
-2
Let f(d) = d**3 - 5*d**2 - 62*d + 14. Determine f(-6).
-10
Let p(i) = 139*i + 2657. Calculate p(-19).
16
Let u(x) = 2*x**3 - 32*x**2 + 55*x + 603. Calculate u(8).
19
Let q(x) = 16*x - 93. Determine q(5).
-13
Let h(l) = 9*l**2 - 320*l - 1587. What is h(-5)?
238
Let w(q) = q**3 - 13*q**2 - 53*q + 20. Determine w(16).
-60
Let a(o) = -2*o**2 - 26*o - 104. Determine a(-4).
-32
Let q(a) = -3*a**2 - 43*a - 27. Determine q(-12).
57
Let s(k) = -1210*k + 2432. What is s(2)?
12
Let b(y) = -204*y - 1055. What is b(-5)?
-35
Let a(g) = 44*g + 780. Calculate a(-12).
252
Let i(h) = 22*h + 39. Determine i(7).
193
Let i(l) = -4*l**2 + 181*l - 185. Give i(44).
35
Let c(j) = 7*j**2 - 161*j + 3. Determine c(27).
759
Let j(r) = r**2 + 866*r + 7723. Calculate j(-9).
10
Let m(r) = 16*r + 99. Calculate m(-8).
-29
Let z(l) = 5*l**2 + 15*l - 167. Determine z(5).
33
Let r(s) = s**3 + 33*s**2 + 61*s - 19. Determine r(-31).
12
Let o(f) = -348*f + 1706. Give o(5).
-34
Let j(h) = -h**3 + 10*h**2 + 131*h - 12. Give j(-7).
-96
Let c(o) = 12*o + 319. Determine c(-19).
91
Let y(u) = -3*u**3 + 125*u**2 - 84*u - 97. Determine y(41).
-179
Let c(o) = -11*o - 3. Give c(-13).
140
Let x(v) = -v**3 - 8*v**2 + 662*v - 44. Give x(22).
0
Let v(a) = 25*a + 483. Determine v(-14).
133
Let v(t) = -28*t**2 - 26*t - 21. Determine v(-1).
-23
Let j(f) = -f**3 - 11*f**2 + 8*f - 60. Calculate j(-12).
-12
Let l(v) = 1427*v - 87048. Determine l(61).
-1
Let y(z) = 2*z**2 - 72*z - 95. Give y(40).
225
Let g(n) = -4*n + 127. Calculate g(-24).
223
Let z(v) = 5*v**2 - 187*v - 231. Give z(39).
81
Let f(r) = 91*r + 7213. Give f(-79).
24
Let i(c) = 3*c**2 - 197*c + 3166. Give i(28).
2
Let r(m) = 23*m + 46. Give r(5).
161
Let l(q) = -q**3 - 8*q**2 - 13*q - 1. Give l(-3).
-7
Let x(b) = b**3 + 19*b**2 + 60*b - 15. Determine x(-15).
-15
Let z(k) = 43*k - 710. Determine z(14).
-108
Let w(s) = 59*s**2 - 1305*s + 148. What is w(22)?
-6
Let h(p) = -2*p**3 - 10*p**2 + 27*p + 32. Give h(-7).
39
Let j(x) = 15*x**2 + 21*x - 46. What is j(2)?
56
Let z(m) = m**3 - 22*m**2 - 21*m - 60. What is z(23)?
-14
Let r(x) = x**3 - 11*x + 81. What is r(0)?
81
Let m(y) = -97*y - 13496. What is m(-139)?
-13
Let u(l) = -l**3 + 8*l**2 + 18*l - 57. What is u(10)?
-77
Let d(v) = 6*v + 357. Calculate d(-41).
111
Let x(n) = 52*n + 942. Determine x(-18).
6
Let p(h) = -8*h**2 - 6*h - 3. What is p(-3)?
-57
Let u(s) = -107*s + 2250. Determine u(21).
3
Let s(d) = -3*d**2 - 120*d + 146. Calculate s(-41).
23
Let t(k) = 2*k**2 + 6*k - 180. Determine t(8).
-4
Let q(j) = -6*j + 238. What is q(12)?
166
Let r(c) = c**3 - 119*c**2 + 322*c + 3017. Calculate r(116).
1
Let q(b) = 2*b**2 - 51*b - 18. Give q(28).
122
Let n(u) = -2*u**2 - 60*u - 321. Calculate n(-6).
-33
Let r(a) = -247*a + 1255. Calculate r(3).
514
Let n(x) = 8840*x + 265193. Give n(-30).
-7
Let i(d) = -148*d**2 + 3405*d - 13. Calculate i(23).
10
Let s(p) = -p**2 + 50*p + 1854. Calculate s(-21).
363
Let q(r) = 342*r - 1014. Determine q(3).
12
Let a(w) = -w**2 - 18*w + 341. What is a(-29)?
22
Let g(a) = 29*a + 186. Give g(-7).
-17
Let c(x) = -x**2 - 10*x + 92. Determine c(-16).
-4
Let w(y) = y**3 + 96*y**2 + 187*y - 95. Give w(-94).
-1
Let q(d) = d**2 - 210*d + 1454. Give q(7).
33
Let u(j) = 2797*j + 8394. Give u(-3).
3
Let k(q) = 2*q + 116. What is k(-56)?
4
Let m(l) = l**2 + 321*l + 10990. What is m(-39)?
-8
Let t(z) = -1374*z - 201972. Give t(-147).
6
Let p(b) = 3*b**2 - 133*b + 41. Calculate p(44).
-3
Let k(r) = -1707*r - 10241. Give k(-6).
1
Let o(x) = 72*x**3 + 4*x**2 - 2*x - 1. Give o(1).
73
Let q(p) = -2*p**3 + 4*p**2 + 15*p - 66. Determine q(5).
-141
Let q(a) = -a**3 + 38*a**2 + 165*a + 132. Calculate q(42).
6
Let l(z) = -z**2 - 8*z - 7. Determine l(-9).
-16
Let g(n) = 35*n**3 + 944*n**2 - 28*n - 53. Give g(-27).
-26
Let j(w) = w**3 - 5*w**2 + w + 8. Determine j(8).
208
Let d(i) = -93*i + 2544. Give d(27).
33
Let p(f) = -2*f**2 - 21*f - 81. Give p(3).
-162
Let g(o) = -41*o - 383. What is g(-10)?
27
Let o(i) = i**3 + 55*i**2 - 118*i - 250. Determine o(-57).
-22
Let l(r) = -2*r**2 - 11*r + 476. Give l(13).
-5
Let k(j) = 4*j**2 - 442*j - 1548. What is k(114)?
48
Let s(t) = -4*t**3 + 4*t**2 + 4*t + 11. Give s(4).
-165
Let q(z) = -z**2 + 23*z + 239. Determine q(-9).
-49
Let w(v) = -893*v + 877. Give w(1).
-16
Let a(c) = 3*c**2 - 294*c + 3099. Give a(86).
3
Let f(n) = -37*n + 85. Determine f(2).
11
Let b(a) = -224*a - 1055. Calculate b(-5).
65
Let u(k) = -k**3 - 53*k**2 - 97*k + 240. Determine u(-51).
-15
Let d(p) = -50*p - 257. What is d(-15)?
493
Let l(h) = -2*h**2 - h + 24. What is l(-3)?
9
Let m(j) = -9*j**2 + 39*j - 8. Give m(4).
4
Let q(f) = 779*f + 790. Determine q(-1).
11
Let m(r) = -4*r**2 + 64*r - 43. What is m(15)?
17
Let p(k) = 2*k**3 - 22*k**2 + 27*k - 123. Calculate p(10).
-53
Let x(a) = -61*a - 134. Give x(-7).
293
Let d(g) = 3122*g + 78048. Give d(-25).
-2
Let d(k) = 2*k**2 + 164*k + 1185. Determine d(-74).
1
Let q(m) = 25*m - 551. What is q(17)?
-126
Let b(w) = 1355*w + 4087. Determine b(-3).
22
Let b(f) = 7*f**2 - 40. Calculate b(0).
-40
Let f(g) = 12*g**3 - 168*g**2 + 2*g - 3. Give f(14).
25
Let v(p) = -13*p**2 - 20*p - 100. What is v(-7)?
-597
Let j(b) = -1213*b - 67915. Determine j(-56).
13
Let q(t) = 8*t**3 - 8*t**2 + 16*t - 124. Calculate q(5).
756
Let b(j) = j**3 - 31*j**2 - 38*j + 198. Determine b(32).
6
Let j(u) = -909*u - 10909. Give j(-12).
-1
Let t(d) = -3*d**3 - 237*d**2 - 24*d - 1894. What is t(-79)?
2
Let i(w) = 2*w**2 - 299*w - 590. Determine i(-2).
16
Let n(i) = -90*i - 1993. Give n(-21).
-103
Let n(x) = -2*x**2 - 82*x - 169. Give n(-39).
-13
Let h(k) = -k**3 + 15*k**2 - 33*k + 20. Determine h(14).
-246
Let c(g) = -g**3 - 112*g**2 - 3083*g + 202. Give c(-49).
6
Let z(x) = -2*x**3 - 534*x**2 + 13971*x + 880. Calculate z(-291).
7
Let y(l) = -43*l**2 - 160*l - 672. Calculate y(-4).
-720
Let g(c) = -611*c - 3655. Give g(-6).
11
Let o(m) = 37*m + 700. Calculate o(-19).
-3
Let r(f) = 2*f**2 - 8*f - 176. Calculate r(12).
16
Let x(m) = 920*m - 11957. Calculate x(13).
3
Let f(w) = w**3 + 4*w**2 - 19*w - 59. Determine f(-3).
7
Let b(u) = -71*u + 364. Determine b(5).
9
Let l(a) = -169*a + 9457. Give l(56).
-7
Let t(k) = -k**3 - 43*k**2 - 3*k - 231. Determine t(-43).
-102
Let g(i) = -i**3 - i**2 + 3*i - 1. What is g(3)?
-28
Let b(u) = 7*u + 484. Determine b(-70).
-6
Let o(g) = -9*g**2 + 1982*g + 1553. Calculate o(221).
6
Let k(v) = v**3 + 11*v**2 + 104*v + 937. Determine k(-10).
-3
Let i(a) = 7*a**3 + 6*a**2 + 2*a - 7. Give i(1).
8
Let t(g) = g**2 - 84*g - 341. Give t(-4).
11
Let q(l) = -771*l - 84046. Determine q(-109).
-7
Let q(o) = 32*o + 336. What is q(-3)?
240
Let b(w) = w**3 - 5*w**2 + 813*w - 3231. What is b(4)?
5
Let k(z) = 8*z**3 - 13*z**2 + 22*z. Give k(2).
56
Let l(u) = -1004*u - 1947. Calculate l(-2).
61
Let h(v) = 165*v + 1258. Give h(-7).
103
Let x(g) = -g**2 + 26*g + 113. What is x(-4)?
-7
Let t(w) = 210*w + 1352. What is t(-6)?
92
Let y(i) = i**2 + 123*i - 2869. Give y(-143).
-9
Let w(z) = 2*z**3 + 136*z**2 + 266*z + 139. Give w(-66).
7
Let t(g) = -g**3 - 10*g**2 - 23*g + 34. Determine t(-6).
28
Let n(z) = -2*z**3 - 38*z**2 + 196*z + 275. Give n(-23).
-1
Let u(y) = 68*y - 239. What is u(5)?
101
Let r(w) = -5354*w + 32122. Give r(6).
-2
Let n(q) = 96*q - 5835. Calculate n(61).
21
Let k(i) = -i**3 - 14*i**2 - 83*i - 702. What is k(-12)?
6
Let v(b) = 2*b**3 + 4*b**2 - 8*b - 26. Give v(-2).
-10
Let s(j) = -1015*j + 10146. Calculate s(10).
-4
Let m(h) = -34*h - 1094. What is m(-30)?
-74
Let r(a) = 832*a + 72380. Give r(-87).
-4
Let d(j) = -j**3 - 28*j**2 + 84*j + 3001. Give d(-27).
4
Let r(s) = 60*s**3 - 483*s**2 + 23*s + 12. What is r(8)?
4
Let s(o) = 21*o + 263. Calculate s(-12).
11
Let j(a) = 11*a - 11. What is j(-14)?
-165
Let c(z) = -353*z - 8015. What is c(-22)?
-249
Let g(n) = 2*n**3 + 26*n**2 + 132*n + 535. Calculate g(-9).
-5
Let f(u) = -2*u**3 - 7*u**2